245030 and 428.
214
What is the greatest common divisor of 3573 and 180?
9
What is the greatest common divisor of 25953 and 24477?
123
Calculate the highest common divisor of 2871 and 4532.
11
What is the greatest common factor of 201396 and 780?
156
What is the highest common divisor of 62 and 163184?
62
What is the greatest common factor of 342800 and 32?
16
What is the highest common divisor of 96 and 210948?
12
Calculate the highest common factor of 1302 and 39804.
186
Calculate the highest common divisor of 4335 and 816.
51
What is the greatest common factor of 36 and 589308?
12
What is the highest common divisor of 6520 and 8150?
1630
Calculate the greatest common factor of 37547 and 1.
1
What is the highest common divisor of 440 and 1384?
8
What is the greatest common divisor of 899 and 301426?
29
What is the highest common factor of 216 and 1048?
8
Calculate the highest common factor of 94787 and 275.
11
What is the highest common factor of 74824 and 376?
376
What is the highest common factor of 80 and 1468360?
40
What is the greatest common divisor of 456097 and 1891?
61
What is the greatest common divisor of 523626 and 18912?
1182
What is the greatest common divisor of 1215323 and 526?
263
What is the highest common divisor of 213 and 1598281?
71
Calculate the highest common divisor of 1724 and 433155.
431
What is the greatest common factor of 93 and 5403?
3
What is the greatest common divisor of 2968 and 4872?
56
What is the highest common divisor of 16980 and 420?
60
What is the highest common divisor of 329275 and 25?
25
What is the greatest common divisor of 341 and 10999637?
341
Calculate the highest common factor of 870085 and 10.
5
What is the highest common factor of 230 and 7390?
10
Calculate the highest common divisor of 807 and 2840371.
269
Calculate the greatest common factor of 20328 and 240.
24
What is the greatest common factor of 462 and 27174?
42
Calculate the highest common factor of 225 and 954.
9
Calculate the highest common divisor of 3690126 and 396.
198
Calculate the highest common divisor of 945 and 2289.
21
Calculate the highest common factor of 6690 and 195.
15
What is the highest common divisor of 2101 and 1738?
11
What is the greatest common factor of 166 and 176375?
83
What is the highest common factor of 4893 and 3612?
21
Calculate the highest common divisor of 2123 and 21494.
11
Calculate the greatest common factor of 2373 and 232215.
339
Calculate the highest common factor of 166568 and 5640.
376
What is the highest common divisor of 7321 and 3?
1
What is the greatest common divisor of 611 and 30641?
13
Calculate the greatest common divisor of 5644 and 136.
68
Calculate the greatest common factor of 1076750 and 295.
295
What is the greatest common factor of 285 and 8075?
95
What is the greatest common factor of 372 and 8319129?
93
What is the highest common divisor of 868 and 24676?
124
What is the greatest common divisor of 27664 and 27248?
208
Calculate the greatest common divisor of 70332 and 3156.
12
Calculate the highest common factor of 106808 and 8058.
158
Calculate the highest common factor of 130 and 40846.
26
What is the highest common divisor of 68978 and 182?
182
What is the highest common divisor of 1118 and 58050?
86
What is the greatest common factor of 23 and 93817?
23
What is the highest common divisor of 12865 and 6640?
415
What is the greatest common divisor of 29685 and 345?
15
Calculate the highest common divisor of 10105 and 4730.
215
What is the greatest common divisor of 34996 and 260?
52
Calculate the greatest common divisor of 944364 and 3.
3
Calculate the highest common factor of 3927 and 19261.
187
What is the highest common divisor of 592981 and 61?
61
What is the highest common factor of 2652601 and 58?
29
Calculate the highest common divisor of 1392 and 1221.
3
What is the greatest common divisor of 114 and 13851?
57
Calculate the highest common factor of 13980 and 49163.
233
Calculate the greatest common divisor of 3 and 6123.
3
What is the highest common divisor of 155 and 999347?
31
What is the highest common factor of 1926 and 198?
18
Calculate the highest common factor of 27 and 89316.
27
What is the greatest common factor of 450 and 18075?
75
What is the highest common factor of 2579337 and 27?
27
Calculate the greatest common divisor of 64800 and 2250.
450
Calculate the greatest common factor of 171 and 23731.
19
What is the highest common divisor of 11860370 and 190?
190
What is the highest common factor of 121814 and 9702?
1078
Calculate the highest common factor of 2366631 and 103.
103
Calculate the highest common divisor of 84420 and 4095.
315
Calculate the greatest common divisor of 751191 and 63.
21
What is the highest common divisor of 309515 and 412?
103
What is the highest common factor of 835500 and 50?
50
Calculate the highest common factor of 1110 and 7955.
185
What is the greatest common factor of 98 and 13320699?
49
What is the greatest common divisor of 157815 and 89775?
945
What is the greatest common divisor of 46515 and 25?
5
What is the greatest common divisor of 1764 and 2052?
36
Calculate the greatest common factor of 396 and 124212.
132
What is the greatest common factor of 42385 and 5?
5
Calculate the highest common divisor of 2057 and 153.
17
Calculate the highest common divisor of 22 and 82753.
11
What is the greatest common divisor of 180 and 36450?
90
Calculate the greatest common factor of 7904 and 364.
52
What is the greatest common divisor of 412 and 1052042?
206
Calculate the highest common factor of 14388 and 342012.
132
What is the greatest common factor of 2285 and 424553?
457
Calculate the greatest common factor of 1323 and 9751.
49
What is the greatest common divisor of 1392 and 12963?
87
Calculate the highest common divisor of 97456 and 128.
16
Calculate the highest common factor of 717 and 39913.
239
Calculate the highest common factor of 42755 and 935.
85
Calculate the greatest common factor of 156 and 86996.
52
Calculate the greatest common factor of 189 and 64512.
63
Calculate the greatest common factor of 5346315 and 2565.
855
What is the greatest common factor of 1323 and 3699?
27
Calculate the greatest common divisor of 2796 and 10524.
12
What is the greatest common factor of 36 and 71244?
36
What is the greatest common divisor of 119665 and 130?
65
What is the greatest common factor of 466 and 50?
2
Calculate the greatest common divisor of 234336 and 96.
96
What is the greatest common divisor of 2786 and 4?
2
Calculate the highest common divisor of 12500 and 1850.
50
Calculate the greatest common divisor of 8 and 17584.
8
What is the greatest common factor of 5505080 and 140?
140
What is the greatest common factor of 450 and 53982?
18
Calculate the greatest common divisor of 61897 and 993.
331
What is the greatest common factor of 22904 and 9407?
409
What is the highest common divisor of 812 and 2453458?
406
What is the greatest common divisor of 1089055 and 40?
5
Calculate the highest common factor of 2414 and 8047069.
1207
Calculate the highest common divisor of 49491 and 156897.
1053
Calculate the highest common divisor of 871 and 53339.
13
Calculate the greatest common factor of 251758 and 7774.
598
Calculate the greatest common factor of 506 and 598.
46
Calculate the highest common divisor of 1316 and 3626.
14
What is the highest common factor of 205 and 2815?
5
What is the greatest common divisor of 1194473 and 3724?
931
Calculate the highest common factor of 2915 and 4015.
55
Calculate the greatest common divisor of 242397 and 207.
207
Calculate the highest common divisor of 5454 and 3132.
54
What is the highest common factor of 184 and 648?
8
Calculate the greatest common divisor of 81028 and 282.
94
Calculate the highest common divisor of 12180 and 13020.
420
Calculate the highest common divisor of 52 and 1429194.
26
Calculate the highest common divisor of 135267 and 77.
11
Calculate the highest common divisor of 76032 and 2700.
108
Calculate the highest common divisor of 2272 and 2165784.
568
What is the highest common divisor of 8576 and 3082?
134
What is the highest common divisor of 38 and 21192828?
38
Calculate the highest common divisor of 684 and 7011.
171
Calculate the greatest common divisor of 314